 base 8.
10307
What is -22202120 (base 3) in base 6?
-45323
Convert -101110000010 (base 2) to base 8.
-5602
Convert -12400 (base 8) to base 16.
-1500
703 (base 12) to base 9
1343
Convert -69 (base 11) to base 16.
-4b
What is -2294a (base 13) in base 4?
-33121323
5934 (base 12) to base 8
23370
What is -3542 (base 7) in base 4?
-110120
What is 4e1 (base 16) in base 9?
1637
What is 17064 (base 9) in base 11?
8897
Convert -1414113 (base 5) to base 11.
-20001
56057 (base 8) to base 9
35331
What is -35c (base 15) in base 7?
-2136
11220 (base 4) to base 11
2a8
-555 (base 7) to base 11
-23a
Convert 1122211 (base 3) to base 10.
1210
Convert 4a59 (base 13) to base 2.
10100100111000
What is 3383 (base 10) in base 8?
6467
-4458 (base 14) to base 16
-2e3e
Convert 404 (base 12) to base 5.
4310
119 (base 10) to base 9
142
Convert b6 (base 14) to base 13.
c4
Convert -11768 (base 9) to base 12.
-46bb
What is -3942 (base 10) in base 2?
-111101100110
330c (base 15) to base 16
2a3c
What is -4230 (base 5) in base 3?
-202221
Convert 1033121 (base 5) to base 3.
220120101
Convert 31a2 (base 13) to base 6.
51524
Convert -181 (base 14) to base 15.
-159
11231 (base 4) to base 2
101101101
What is -300313 (base 7) in base 4?
-30112102
Convert 2205 (base 8) to base 14.
5c9
What is -4566 (base 11) in base 13?
-2968
What is 240041 (base 5) in base 6?
104335
be (base 16) to base 2
10111110
Convert 11214 (base 6) to base 7.
4435
Convert 465 (base 16) to base 8.
2145
What is 46147 (base 10) in base 6?
553351
2101102200 (base 3) to base 13
184c2
Convert -1791 (base 11) to base 15.
-a1d
What is 1895 (base 11) in base 7?
10002
-100001010001 (base 2) to base 13
-c7a
What is -861 (base 14) in base 6?
-11353
What is 941 (base 10) in base 8?
1655
What is 2434 (base 5) in base 12?
269
-11323 (base 7) to base 5
-43113
What is -168 (base 16) in base 9?
-440
-69d (base 15) to base 14
-790
-10096 (base 11) to base 16
-399a
-217 (base 11) to base 3
-100122
Convert -e4c3 (base 15) to base 11.
-3334a
What is -15bd (base 14) in base 4?
-330303
Convert 243c (base 15) to base 14.
2b47
What is -17751 (base 10) in base 12?
-a333
173 (base 9) to base 13
b4
Convert -11180 (base 12) to base 6.
-253040
10010000010110 (base 2) to base 8
22026
What is 1035110 (base 6) in base 16?
c9d2
1300011 (base 5) to base 11
17873
Convert -c578 (base 13) to base 14.
-9d48
Convert -101204 (base 5) to base 10.
-3304
25ec (base 16) to base 10
9708
Convert 348 (base 9) to base 6.
1155
Convert 110031 (base 5) to base 10.
3766
What is 10322 (base 6) in base 11?
107a
What is 20210 (base 4) in base 5?
4143
What is -2d2b (base 16) in base 13?
-5356
What is -11211021 (base 3) in base 8?
-6675
Convert 447 (base 16) to base 4.
101013
-46 (base 7) to base 4
-202
466 (base 10) to base 2
111010010
Convert 23101 (base 4) to base 11.
5a6
What is 110222 (base 4) in base 5?
20242
Convert 816 (base 15) to base 6.
12233
What is -123011 (base 4) in base 7?
-5024
Convert e346 (base 16) to base 12.
29806
Convert 80c (base 15) to base 9.
2433
Convert -1367 (base 9) to base 14.
-53b
What is -1152 (base 7) in base 4?
-12231
-2891 (base 11) to base 14
-1506
4000 (base 6) to base 13
516
What is 871 (base 9) in base 13?
42a
-23 (base 15) to base 7
-45
-45a2 (base 12) to base 9
-11565
-2111 (base 7) to base 12
-51b
What is -3a18 (base 12) in base 3?
-100010002
Convert 7a6 (base 16) to base 2.
11110100110
Convert 1001011111000 (base 2) to base 14.
1aac
Convert -300213 (base 4) to base 5.
-44421
1086 (base 14) to base 4
230232
What is -7df6 (base 16) in base 10?
-32246
Convert 160 (base 15) to base 9.
380
Convert 7f1 (base 16) to base 15.
908
What is -236 (base 8) in base 6?
-422
455424 (base 6) to base 11
27195
Convert 544 (base 13) to base 8.
1605
Convert -6ced (base 16) to base 12.
-14179
1714 (base 14) to base 13
1b60
6121 (base 12) to base 2
10100100101001
What is 61622 (base 7) in base 9?
22582
-2012 (base 7) to base 6
-3115
-1111001011011 (base 2) to base 12
-45b7
Convert 1010011 (base 2) to base 12.
6b
What is -a03 (base 15) in base 10?
-2253
Convert -72375 (base 8) to base 9.
-45066
-111210 (base 4) to base 7
-4011
Convert -11938 (base 10) to base 4.
-2322202
Convert 535 (base 9) to base 4.
12311
-2122221 (base 3) to base 7
-5443
Convert -12174 (base 9) to base 5.
-230132
-27f (base 16) to base 14
-339
Convert 64552 (base 11) to base 7.
540364
What is 269 (base 10) in base 8?
415
What is 100100000 (base 2) in base 15?
143
-11000001011 (base 2) to base 14
-7c7
-8bc (base 16) to base 3
-10001211
Convert 122 (base 15) to base 8.
401
What is 204124 (base 5) in base 9?
10273
What is 200020200 (base 3) in base 9?
20220
What is -15405 (base 8) in base 4?
-1230011
What is -12304 (base 5) in base 12?
-676
What is -410 (base 7) in base 12?
-14b
1110 (base 10) to base 11
91a
-c0e (base 15) to base 3
-10201112
-1ba (base 16) to base 10
-442
What is -4720 (base 8) in base 5?
-40022
Convert -202011 (base 4) to base 10.
-2181
What is d41c (base 16) in base 7?
314211
Convert -7059 (base 14) to base 8.
-45527
12111 (base 5) to base 6
4110
What is 101 (base 9) in base 6?
214
Convert 1340 (base 14) to base 2.
110100111100
Convert 10111021 (base 4) to base 8.
42511
What is -23123233 (base 4) in base 12?
-23127
Convert -1084 (base 9) to base 7.
-2230
What is 1b4a (base 13) in base 10?
4118
What is 440110 (base 5) in base 13?
6ac2
Convert -257 (base 13) to base 14.
-214
Convert -110201112 (base 3) to base 15.
-2b35
3042 (base 7) to base 3
1110020
Convert -55617 (base 8) to base 4.
-11232033
31426 (base 7) to base 2
1111001010010
Convert 11066 (base 12) to base 3.
1010220220
What is 660 (base 12) in base 13?
570
What is 3460 (base 7) in base 6?
5511
Convert -269a9 (base 12) to base 6.
-1050333
-277 (base 14) to base 2
-111110001
Convert -1546 (base 10) to base 5.
-22141
-13e0 (base 16) to base 5
-130323
-100001 (base 4) to base 3
-1101222
What is -ef (base 16) in base 5?
-1424
What is -12c (base 16) in base 10?
-300
What is -814 (base 9) in base 6?
-3021
What is -25211 (base 6) in base 7?
-13636
-222021 (base 3) to base 12
-4b1
-391 (base 11) to base 9
-564
Convert -5b7 (base 13) to base 3.
-1100212
What is 12121022 (base 3) in base 11?
3084
What is 1123 (base 13) in base 4?
211123
-e3 (base 16) to base 10
-227
Convert 11000111110000 (base 2) to base 5.
402114
-ab8 (base 13) to base 2
-11100110001
What is 11a4 (base 11) in base 9?
2130
What is 13686 (base 13) in base 2?
1000110110110100
Convert -10020 (base 3) to base 12.
-73
What is 1496 (base 11) in base 2?
11110000000
11122 (base 5) to base 11
656
54 (base 13) to base 8
105
-320 (base 13) to base 7
-1361
What is 14440 (base 5) in base 15?
580
Convert 101001110011111 (base 2) to base 7.
116261
Convert -121122 (base 4) to base 14.
-842
-536 (base 9) to base 16
-1b6
What is -1581d (base 14) in base 5?
-3204411
Convert 2394 (base 14) to base 8.
14076
Convert 33c (base 16) to base 2.
1100111100
15a2 (base 11) to base 8
4000
Convert 3b3 (base 12) to base 14.
2c7
Convert 5aa8 (base 11) to base 12.
4753
What is 20b1a (base 12) in base 9?
65074
Convert -13a (base 11) to base 4.
-2210
Convert 1767 (base 8) to base 3.
1101121
Convert -1259b (base 14) to base 16.
-afdd
Convert -24000 (base 8) to base 7.
-41566
11464 (base 7) to base 5
43421
-2308 (base 10) to base 9
-3144
Convert 100101100001101 (base 2) to base 15.
5a5d
What is -11000010 (base 2) in base 11?
-167
Convert 529 (base 11) to base 6.
2540
Convert -9596 (base 11) to base 14.
-48a5
What is -30411 (base 9) in base 8?
-47061
What is -3330 (base 5) in base 7?
-1233
What is 13dc4 (base 15) in base 9?
106534
What is 1530 (base 10) in base 13?
909
Convert 10485 (base 12) to base 3.
1002101002
-9401 (base 12) to base 16
-3f01
What is 1041241 (base 5) in base 2?
100011110010001
-19b8 (base 12) to base 2
-110001011100
32d (base 16) to base 14
421
Convert 4980 (base 10) to base 14.
1b5a
Convert -101113 (base 5) to base 13.
-1657
Convert -11100112 (base 3) to base 15.
-e18
Convert -37411 (base 8) to base 9.
-24120
Convert -1420414 (base 5) to base 7.
-151650
What is -3932 (base 12) in base 5?
-202033
What is -25014 (base 11) in base 2?
-1000110001110000
What is 2711 (base 9) in base 5?
31120
Convert -7824 (base 15) to base 14.
-93c7
What is 62b (base 14) in base 5?
